r of g and w?
1
Suppose 2*w = 4*u + 750, 730 + 26 = 2*w - 6*u. What is the highest common factor of w and 2624?
41
Let s be 160/12 + 2/3. Suppose -i - 1114 = -5*r, 16*i = 13*i + 18. Calculate the highest common divisor of s and r.
14
Let s(t) = 6*t**2 - 6*t - 3. Let r = 126 - 128. Let y be s(r). Let w be y/2*24/9. What is the highest common divisor of 22 and w?
22
Let r be ((-17)/(-4) - 1) + (-39)/(-52). Suppose -60 - 52 = -r*b. What is the highest common factor of 168 and b?
28
Suppose -8*j + 39 = -25. Suppose -j = -d + 5*d. Let b be (28 + -10)*d/(-2). Calculate the highest common divisor of 90 and b.
18
Suppose 2*y = 3*q + 16990, 63*y + 2*q - 25459 = 60*y. Calculate the highest common divisor of y and 13.
13
Suppose 7*s + 4*s - 418 = 0. Suppose 0 = 31*u - s - 303. Suppose 3*t - 264 = -5*n, -4*t + t - n + 264 = 0. What is the greatest common divisor of t and u?
11
Suppose 0 = 6*i + 4*i + 150. Let w be ((-12)/i)/(2/5). Let z be 4/w + 1 + 1. Calculate the highest common divisor of z and 12.
4
Suppose p - 3*p + 572 = -u, 0 = -p - 5*u + 308. What is the greatest common factor of 45 and p?
9
Suppose -28*c + 39*c = -51*c + 37014. Calculate the greatest common divisor of 4577 and c.
199
Let n be -10 + 32786/39 + (-3)/(-9). What is the greatest common factor of 3 and n?
3
Let z = -6141 + 6730. What is the greatest common factor of z and 19?
19
Let z(x) be the first derivative of 21*x**2 - 7*x + 18. Let f be z(1). Let l(b) = 15*b + 5. Let h be l(9). What is the highest common factor of h and f?
35
Suppose 5*g + 4*i + 4 = 13, 24 = 4*g - i. Let q = 65 - 57. Suppose -4*n - 24 - 8 = -4*z, -4*n + q = 4*z. What is the highest common divisor of g and z?
5
Let m(g) = 180*g - 102. Let x be m(1). What is the highest common factor of 30 and x?
6
Let n be (-10)/(-385)*7 - 60/(-33). Suppose n*k = -2*k + 196. What is the greatest common factor of k and 245?
49
Let s = -116 - -118. Suppose 0 = -3*x - s*y + 1216, -641 = -3*x - 3*y + 577. What is the highest common factor of 4 and x?
4
Suppose 13*o - g = 10*o + 264, -3*g = 9. Let t be (8 - -1)/3 - 0. What is the highest common divisor of o and t?
3
Suppose 21*r + x - 385 = 0, r + 95*x - 53 = 90*x. What is the greatest common factor of 22014 and r?
18
Let y = -239 + 236. Let x be (y - 82/(-26)) + (-4936)/(-26). What is the highest common divisor of 20 and x?
10
Suppose -3*f + 12 = -0*f. Suppose 0*i - 2*v - 46 = -5*i, 0 = 4*i + v - 29. Suppose i - 16 = -2*d. Calculate the greatest common divisor of d and f.
4
Let q = 26 - 11. Suppose 39*m - 35*m = 188. Suppose -48*g = -m*g - q. What is the greatest common divisor of g and 3?
3
Suppose 38*o - 43 = 1933. Calculate the greatest common factor of o and 169.
13
Let t(d) = 12*d - 168. Let p be t(14). Let y be (-5 + (p - 0))*-6. Calculate the greatest common factor of 330 and y.
30
Let j = 7595 - 7455. What is the highest common factor of 6580 and j?
140
Let x be ((4 + 56)/4)/((-222)/36 + 7). Calculate the greatest common factor of x and 1446.
6
Let s be (2304 - -8)*2*(-9)/(-24). Calculate the greatest common factor of 6 and s.
6
Let d be 4/(-7)*5593/(-94). Suppose -265 + d = -7*q. Calculate the highest common divisor of 6 and q.
3
Suppose -7*n = -5*v - 6299, 0 = -160*n + 164*n + 2*v - 3614. What is the highest common divisor of 44 and n?
22
Let u = 4648 + 13328. Calculate the highest common factor of u and 107.
107
Suppose 4*u - 2*u - 3*z = 10, 4*u = 2*z + 12. Let r be (-1)/u - (-42)/28. Let g be (3 - r)/((-17)/(-136)). What is the greatest common divisor of g and 72?
8
Suppose x - 3 = -12. Let j be 14 - (x/(-6))/((-3)/4). Suppose 0 = 22*l - 19*l - 528. What is the highest common divisor of j and l?
16
Let k(u) = -3*u. Suppose 3*i + 1 = 2*i. Let p be k(i). Suppose -3*h + 87 = 4*c, -h - 6 = h. What is the highest common factor of p and c?
3
Let x(n) be the second derivative of n**4/2 + n**3 + 81*n**2 - 258*n. Let m be x(-10). Calculate the highest common factor of m and 26.
26
Let a = -1732 + 1812. What is the greatest common divisor of a and 1448?
8
Let m(k) = -16*k + 29. Let i be m(-11). Suppose -h - 32 = -s - 3*h, 5*s + h - i = 0. What is the highest common divisor of s and 28?
14
Let i(k) = -2*k**3 - 3*k**2 - k + 2. Let h = -865 - -863. Let a be i(h). What is the highest common divisor of 8 and a?
8
Let s(b) = -3*b. Let k = 48 - 49. Let z be s(k). Let x be (11 - -3) + z - 3. What is the greatest common divisor of x and 154?
14
Suppose -24*w + 78 + 18 = 0. Let l be 0 - w/((-28)/189). What is the highest common divisor of 6 and l?
3
Let h(p) = 1 - 3 + 0*p**2 - p**2 + 6*p. Let g be ((-2)/3)/((-7)/(-14))*-3. Let w be h(g). What is the greatest common divisor of 4 and w?
2
Suppose -5798 = -14*u + 9294. What is the highest common divisor of u and 44?
22
Suppose 3*d + 3*x - 114 = 0, -2*x = d + 2*x - 35. Suppose 3*g - 517 = -4*w - 0*g, 4*w + 5*g - 515 = 0. Calculate the highest common divisor of d and w.
13
Let i = -264 - -718. Suppose -142 = 13*z - i. What is the greatest common divisor of z and 48?
24
Let l(n) = -n**3 - 4*n**2 - 9*n + 3. Let d be l(-4). Suppose 61*r = -103*r + 14924. What is the greatest common divisor of r and d?
13
Suppose 5*l = -5*g - 30, -10*g - 5*l = -11*g + 24. Let k be ((-405)/g)/(1 + (1 - 1)). What is the highest common divisor of 45 and k?
45
Let r(v) = 16*v**2 + 7*v + 10. Let x be r(-3). Let d(u) = -u**2 + 2*u + 15. Let k be d(4). What is the greatest common divisor of x and k?
7
Let t(f) = f**2 - 6*f. Let z be t(0). Suppose -3*w - 2*w + v + 77 = z, -5*v - 33 = -3*w. Calculate the greatest common divisor of 272 and w.
16
Suppose 22*h = 13 + 31. Calculate the highest common divisor of 157 and h.
1
Let d be (3 - 7) + 1 + 9. Let q be ((-12)/(-9))/(0 - d/(-99)). Suppose -36*i - 11 = -37*i. What is the greatest common divisor of q and i?
11
Suppose 5*n + 4 = 14. Suppose n*j = j + 6. Suppose 16*y = -60*y + 3192. What is the greatest common factor of j and y?
6
Let d = -14 - -360. Suppose -345*f - 140 = -d*f. What is the greatest common divisor of f and 40?
20
Let s be -4 + (-30)/3*-4. Let f(j) be the third derivative of 5*j**4/24 + j**3/6 - 3*j**2. Let g be f(7). Calculate the highest common factor of s and g.
36
Let w = -891 - -1163. Let h = 44 + -28. What is the greatest common divisor of w and h?
16
Let j be ((-77)/91 - -3) + (-2)/13. Suppose -25 = -3*n + j*t - 4, t = 2*n - 13. What is the highest common factor of 55 and n?
5
Let i be 2*(-6 - (-255)/10). Let u = 415 - i. Calculate the highest common divisor of 8 and u.
8
Let y be (-13)/2*(-7 - 1). Let u be (-11 - -14 - -1) + 30/1. Let v = u - 8. What is the highest common factor of y and v?
26
Suppose -115*l + 15*l = -4000. What is the greatest common factor of 292 and l?
4
Suppose -231 + 3381 = 18*s. Let p = s - 158. Calculate the greatest common divisor of p and 68.
17
Suppose -13 = i - 17. Suppose 11*o - 10*o - i = 0. Calculate the highest common divisor of o and 1.
1
Let x be (-10 - 2) + 1348 - -8. What is the highest common divisor of x and 18?
6
Let v be 1/(92/16 + -6) + 8 + 289. What is the highest common divisor of 1 and v?
1
Suppose -3*b + 8 + 22 = 0. Suppose b*r = 3*r + 2835. Let u = r - 229. What is the highest common divisor of u and 22?
22
Suppose 17*m - 13*m = -4*f - 24, 2*m + f + 13 = 0. Let d be 104*(-3 - m/2). Calculate the greatest common divisor of 65 and d.
13
Let c be ((-63)/(-9) + -3)/(112/(-20) - -6). Let x be 1 - 4*19/(-2). Let s = 64 - x. Calculate the greatest common divisor of c and s.
5
Let j be (0 - -1)*(25 + 28). Let c = -38 + j. Suppose -2*u = -c - 39. Calculate the greatest common divisor of u and 63.
9
Suppose -797*m = -677*m - 11514 - 138246. Calculate the highest common divisor of 736 and m.
32
Suppose -3696 = -674*n + 586*n. What is the greatest common divisor of 12264 and n?
42
Suppose -v + 298 = -5*m - 1533, -2*v + 3679 = 7*m. What is the greatest common divisor of v and 216?
108
Let s be (-26)/(10115/(-11515) - (-18)/21). Calculate the highest common divisor of 325 and s.
13
Let k = 10664 + -10642. Let u = -42 - -163. Calculate the highest common divisor of u and k.
11
Let g(p) = -160*p + 432. Let i be g(2). Calculate the highest common divisor of 294 and i.
14
Let d be (-272)/(-6)*90/8. Let h(z) = 2*z**2 + 12*z - 24556. Let f be h(108). What is the greatest comm